What are the prime factors of 71788890?
2, 3, 5, 941, 2543
List the prime factors of 98694566.
2, 49347283
What are the prime factors of 30618433?
30618433
List the prime factors of 1936670180.
2, 5, 96833509
What are the prime factors of 282073816?
2, 983, 35869
What are the prime factors of 44067325?
5, 1762693
What are the prime factors of 593020928?
2, 17, 17033
List the prime factors of 19097477.
7, 17, 160483
List the prime factors of 32500164.
2, 3, 2708347
What are the prime factors of 691413125?
5, 13, 43, 1979
List the prime factors of 1500114993.
3, 13, 23, 641, 2609
List the prime factors of 3615497299.
3615497299
List the prime factors of 39427147.
19, 983, 2111
What are the prime factors of 1433519903?
1433519903
What are the prime factors of 30546486?
2, 3, 1697027
List the prime factors of 28039522.
2, 7, 2002823
List the prime factors of 518192547.
3, 107, 1614307
List the prime factors of 19683296.
2, 615103
What are the prime factors of 194776910?
2, 5, 19477691
List the prime factors of 26229644.
2, 7, 936773
List the prime factors of 926561168.
2, 13, 4454621
List the prime factors of 2506202958.
2, 3, 7, 23, 2594413
List the prime factors of 275743350.
2, 3, 5, 612763
What are the prime factors of 610898653?
23, 26560811
What are the prime factors of 11305420?
2, 5, 7, 23, 3511
What are the prime factors of 1673776079?
23, 47, 1548359
List the prime factors of 7885062728.
2, 101, 9758741
What are the prime factors of 204386269?
8609, 23741
List the prime factors of 626817116.
2, 1601, 97879
What are the prime factors of 1089988085?
5, 491, 443987
List the prime factors of 298276614.
2, 3, 5523641
List the prime factors of 58296699.
3, 29, 74453
What are the prime factors of 692443278?
2, 3, 38469071
List the prime factors of 1429628377.
4241, 337097
What are the prime factors of 88659096?
2, 3, 3694129
What are the prime factors of 207123035?
5, 7, 157, 37693
What are the prime factors of 734538632?
2, 19, 191, 25301
List the prime factors of 33975332.
2, 43, 53, 3727
What are the prime factors of 44912107?
44912107
List the prime factors of 203855869.
7, 29122267
What are the prime factors of 141239823?
3, 1801, 26141
List the prime factors of 128388458.
2, 11, 73, 79943
What are the prime factors of 1373060073?
3, 7, 11, 5943983
List the prime factors of 236825236.
2, 173, 342233
List the prime factors of 981155575.
5, 39246223
List the prime factors of 490539834.
2, 3, 19, 179, 2671
What are the prime factors of 9469196?
2, 11, 29, 41, 181
What are the prime factors of 433599588?
2, 3, 23, 173, 1009
List the prime factors of 990739142.
2, 495369571
List the prime factors of 2093082896.
2, 37, 3535613
List the prime factors of 1353991614.
2, 3, 29, 7781561
List the prime factors of 12223529.
29, 421501
What are the prime factors of 218980054?
2, 19, 1051, 5483
What are the prime factors of 120750411?
3, 40250137
What are the prime factors of 24208750?
2, 5, 107, 181
List the prime factors of 1222111523.
1222111523
List the prime factors of 42773201.
1789, 23909
What are the prime factors of 5069415373?
11, 460855943
List the prime factors of 831396520.
2, 5, 20784913
List the prime factors of 21558734.
2, 1297, 8311
What are the prime factors of 11161933?
11161933
What are the prime factors of 145585672?
2, 31, 353, 1663
What are the prime factors of 195134230?
2, 5, 127, 153649
List the prime factors of 868911453.
3, 96545717
List the prime factors of 2593672.
2, 324209
What are the prime factors of 4045882?
2, 773, 2617
List the prime factors of 3795286526.
2, 103, 523, 35227
What are the prime factors of 151445827?
13, 19, 613141
What are the prime factors of 1624402356?
2, 3, 31, 4366673
What are the prime factors of 334846567?
11, 2767327
List the prime factors of 416076400.
2, 5, 1040191
What are the prime factors of 44258936?
2, 113, 173, 283
What are the prime factors of 1515801948?
2, 3, 6043, 20903
List the prime factors of 923593096.
2, 4049, 28513
What are the prime factors of 94739166?
2, 3, 37, 47417
What are the prime factors of 201276208?
2, 7, 1797109
What are the prime factors of 12890429?
12890429
What are the prime factors of 189367246?
2, 661, 143243
List the prime factors of 37522231.
37522231
What are the prime factors of 249980884?
2, 62495221
List the prime factors of 129549978.
2, 3, 7197221
What are the prime factors of 208942258?
2, 7, 23, 648889
What are the prime factors of 161650226?
2, 80825113
List the prime factors of 1383477763.
1383477763
List the prime factors of 6974849404.
2, 17827, 97813
List the prime factors of 157427600.
2, 5, 11, 37, 967
List the prime factors of 795755732.
2, 137, 1452109
List the prime factors of 148103959.
199, 751, 991
List the prime factors of 109213498.
2, 1931, 28279
List the prime factors of 9909638.
2, 433, 11443
What are the prime factors of 1999547958?
2, 3, 333257993
List the prime factors of 528338341.
41, 12886301
List the prime factors of 962201831.
73, 13180847
List the prime factors of 71004612.
2, 3, 7, 59, 14327
List the prime factors of 510248778.
2, 3, 13, 17, 31, 12413
What are the prime factors of 620454891?
3, 7, 587, 50333
List the prime factors of 45870679.
67, 684637
List the prime factors of 728448420.
2, 3, 5, 7, 1734401
What are the prime factors of 1702405730?
2, 5, 170240573
List the prime factors of 909370912.
2, 197, 144253
What are the prime factors of 4271485448?
2, 2677, 199453
What are the prime factors of 270988119?
3, 10036597
List the prime factors of 303842014.
2, 7, 1291, 16811
List the prime factors of 222011356.
2, 7, 29, 139, 281
What are the prime factors of 581753928?
2, 3, 7, 109, 31769
What are the prime factors of 25073954?
2, 12536977
What are the prime factors of 42361824?
2, 3, 17, 101, 257
List the prime factors of 1291767844.
2, 83, 233, 16699
List the prime factors of 1804781330.
2, 5, 11, 16407103
List the prime factors of 28426159.
17, 839, 1993
List the prime factors of 65879051.
7, 9411293
What are the prime factors of 230288145?
3, 5, 71, 216233
List the prime factors of 268331739.
3, 13, 43, 53, 3019
List the prime factors of 35689793.
37, 964589
List the prime factors of 46805696.
2, 7, 191, 547
List the prime factors of 68044721.
31, 2194991
What are the prime factors of 89976593?
7, 59, 31123
List the prime factors of 43701675.
3, 5, 582689
List the prime factors of 421678976.
2, 151, 21817
What are the prime factors of 1625325255?
3, 5, 71, 508709
What are the prime factors of 1073948759?
13, 2539, 32537
List the prime factors of 1485220085.
5, 297044017
List the prime factors of 1283293266.
2, 3, 213882211
List the prime factors of 109732835.
5, 21946567
What are the prime factors of 397959095?
5, 79591819
List the prime factors of 924295460.
2, 5, 11, 4201343
What are the prime factors of 48399659?
7, 11, 23, 27329
What are the prime factors of 98135425?
5, 109, 36013
List the prime factors of 1241858610.
2, 3, 5, 13798429
What are the prime factors of 14136401?
17, 831553
List the prime factors of 4924627373.
29, 3557, 47741
List the prime factors of 1179654413.
7, 743, 226813
What are the prime factors of 1281530791?
19, 67448989
What are the prime factors of 114334995?
3, 5, 37, 206009
What are the prime factors of 2161573351?
7, 167, 1849079
What are the prime factors of 17445926?
2, 197, 44279
What are the prime factors of 1069304634?
2, 3, 59405813
What are the prime factors of 903103880?
2, 5, 7, 3225371
List the prime factors of 87701389.
47, 1865987
What are the prime factors of 2610716044?
2, 17, 38392883
List the prime factors of 829424751.
3, 276474917
List the prime factors of 3521454211.
11, 17341, 18461
List the prime factors of 1931951092.
2, 571, 845863
What are the prime factors of 221953240?
2, 5, 29, 191339
What are the prime factors of 67919360?
2, 5, 43, 617
List the prime factors of 10569927.
3, 3523309
What are the prime factors of 2052582?
2, 3, 7, 48871
What are the prime factors of 1322345819?
59, 71, 315671
What are the prime factors of 76344104?
2, 9543013
What are the prime factors of 4511527281?
3, 167093603
List the prime factors of 1203866477.
11, 41, 2669327
What are the prime factors of 256625677?
7, 11, 43, 179, 433
What are the prime factors of 156911